4*x = 10*x + 16. Let j = -2 + x. Let s(c) = 15*c - 3. Determine s(j).
27
Let i(s) = s**2 + 10*s + 10. Suppose 5*k - 2*k = 12. Suppose -3*r = -k*n - 26, 0*n - n = -5*r + 15. Let g(z) = 2*z + 3. Let q be g(n). Determine i(q).
-11
Let u(y) = -546*y - 2 + 551*y + 6*y**2 + 3*y**3 - 5 - 2*y**3. Determine u(-5).
-7
Let m(t) be the first derivative of 2*t**2 - 2*t + 215. Calculate m(-1).
-6
Let f(y) = -y - 9. Let w(i) = 2*i**2 + 26*i + 4. Let h be w(-13). Give f(h).
-13
Let y(n) be the second derivative of 5*n**3/3 + 13*n**2 + 20*n. Determine y(-6).
-34
Let r(p) = p**2 - 3*p + 4. Suppose 3*v = -4*u + v + 20, 0 = 4*v - 16. Let j be r(u). Suppose -3*d - j = -5*d. Let l(w) = w**2 - 2. What is l(d)?
2
Let c = 21 - 20. Let q(s) = -s**2. Let r(o) = 2*o**2 - 6*o + 5. Let u(p) = c*r(p) + q(p). Determine u(4).
-3
Let v(k) be the second derivative of k**5/20 - 5*k**4/12 + 2*k**3/3 - k**2 + 194*k. Calculate v(3).
-8
Let m(y) = -298*y**2 + 297*y**2 - 17 - 15*y + 5*y. Determine m(-9).
-8
Suppose -7*a + 9 = -4*a. Let o(w) = -5*w - 5. Let n(r) = 11*r + 2. Let b(k) = 5*k + 1. Let i(s) = -9*b(s) + 4*n(s). Let c(g) = 11*i(g) - 2*o(g). Determine c(a).
-4
Suppose 0 = 3*o, o + o = 3*z - 15. Let b = 10 - z. Let n(h) be the first derivative of h**2/2 + h - 8. What is n(b)?
6
Let n = 19 - 19. Let l(f) = -4*f**3 + 5*f - 4. Let y(p) = 3*p**3 - 4*p + 3. Let d(u) = 4*l(u) + 5*y(u). What is d(n)?
-1
Let k(y) = -y**2 + y - 2. Let q be (7 - 3)*((-2)/4 - -1). What is k(q)?
-4
Let k(x) = x - 1. Suppose 4*y - s = 2*s - 4, -26 = -3*y - 5*s. Suppose -4*g + u = -4, 0 = -2*g + 5*u - 8*u + y. Calculate k(g).
0
Let v be (2 - (-66)/(-30))*(-1 - -1). Let t(z) be the third derivative of z**4/24 - z**3/3 + 2*z**2. Determine t(v).
-2
Let p = 10 + -16. Let c(t) = -5*t + 1. Let u(d) = 4*d - 1. Let l(o) = 3*c(o) + 4*u(o). Calculate l(p).
-7
Let b(s) = -s + 1. Let z(i) = 4*i - 17. Let h be (-41)/(-8) - 4/32. Suppose -5*y = 3*j + 40, -19 + 59 = -3*y - h*j. Let x(k) = y*b(k) - z(k). Give x(-7).
5
Let o(r) = -r**3 - r - 1. Let a = -35 + 35. Let w = a + -2. Calculate o(w).
9
Let a(r) = 2*r**2 - 3*r - 2. Let l(j) = -2*j**3 - j. Let o be l(-1). Let t(i) = 3*i - 5. Let d be t(o). Calculate a(d).
18
Let u(c) = 1208*c**2 - 1212*c**2 - c**3 + 2*c**3 - 5*c - 7. Let b be (-1)/(2*1/(-10)). Give u(b).
-7
Let r(f) = 14*f**2 - 5*f - 2. Let t(v) = 10*v**2 - 4*v - 1. Let o(n) = -3*r(n) + 4*t(n). What is o(1)?
-1
Let u(d) = 0 - 8*d - 3*d + 3 + 14*d. Suppose 10*r - 14 = -44. What is u(r)?
-6
Let y(d) = 2*d**3 - 3*d**2 - 13*d - 10. Let o be y(-1). Let u(i) = -3*i**2 - 4*i - 5. What is u(o)?
-9
Suppose 6 = 2*c + 4*h + 24, 5*c = -h - 18. Let k(p) = 3*p**3 + 9*p**2 - 2*p - 5. Calculate k(c).
1
Let u(f) = 0 + 0 - 2*f**2 + 0*f - 4*f + 3. Let v(i) = i**2 + 5*i - 2. Let w(j) = -2*u(j) - 3*v(j). Let z be (3/(-4))/((-2)/16). Calculate w(z).
-6
Let v be (-2)/8*34*-2. Suppose -b = -2*f - 0*b - 1, -4*f + 5*b - v = 0. Suppose 0 = r + f + 3. Let s(z) = z**3 + 4*z**2 - 4*z - 2. Calculate s(r).
-7
Let j be 195/(-26)*(-8)/10. Let c(i) = -18 + 7 + j + 3 - 3*i. Let d(y) = -2*y**2 - 2*y + 7. Let a be d(-3). Determine c(a).
13
Suppose 5*k = -6*k + 22. Let y(r) = 5*r**2 - 4 + 0*r + 29*r**3 - 3*r - 28*r**3 - k*r**2. What is y(-4)?
-8
Let b(g) = -g**2 - 1. Let w(a) = -a**3 + 11. Let o(r) = 6*b(r) + w(r). Suppose -7*z = -z - 30. Let i be -7 + -2 + (z - 2). Determine o(i).
5
Suppose -91 = -5*z - 11*y + 14*y, -2*z - 3*y = -28. Let b(l) = -l**3 + 18*l**2 - 19*l + 32. Give b(z).
-2
Let z(t) = 7*t - 34. Let i(b) = -3*b + 15. Let g(p) = -9*i(p) - 4*z(p). Let r be 9/6*20/6. What is g(r)?
-4
Let h(u) = u**2 - 2*u - 8. Let c be h(6). Suppose -2*s = -3*n - 0*s - 16, -2*n = 4*s - c. Let x(y) = -y**2 + 1. Calculate x(n).
-3
Let r(j) = -4*j**2 + 2*j - 1. Suppose 0 = 5*b - 5 - 0. Calculate r(b).
-3
Let i(w) be the second derivative of 2*w**3/3 - w**2/2 - 2*w. Suppose 68 - 13 = 5*c. Suppose 2 = 12*q - c*q. Determine i(q).
7
Let i(g) be the third derivative of g**6/120 + 11*g**5/60 + g**4/6 + 11*g**3/6 + 14*g**2 + 7*g. Calculate i(-11).
-33
Let b be 1363/145 + 4/(-10). Let a = 7 - 0. Let j(y) = -a*y - y + 2 + b*y. Calculate j(3).
5
Let u(n) = -5*n. Let d(j) = 43. Let g(i) = -i - 44. Let r(c) = -3*d(c) - 4*g(c). Let x be r(-12). What is u(x)?
5
Let b(n) = n**3 + 6*n**2 + 2*n + 6. Let t(g) = 6*g**3 + g**2 + 2*g + 1. Let d be 3/(-6) - 4/8. Let o be t(d). What is b(o)?
-6
Let t(x) = -x. Let v(g) = -2*g - 2. Let b(f) = -5*t(f) + v(f). Suppose -5*l = 6*l - 22. What is b(l)?
4
Suppose -n + 0 = -1. Let p(h) = 0 - n + 0*h - 4*h + 2*h. Let v be (4 + -2)/((-4)/8). Calculate p(v).
7
Suppose 3*x - 55 + 13 = 0. Let a be 290/15 - 1/3. Let v = a - x. Let y(m) = m**3 - 6*m**2 + 5*m + 4. Give y(v).
4
Let j(m) = -1. Let o(q) = -q - 21. Let r(s) = 3*j(s) - o(s). Let y = 638 - 647. Determine r(y).
9
Let p(k) = -128 - k - 133 + 261. Let r(o) = 5*o. Let m = 34 - 9. Let h(c) = m*p(c) + 6*r(c). Determine h(1).
5
Let g be 0 + (-3)/((-6)/4). Suppose -7 + 4 = -n. Let d(b) = n*b - b**2 - 1 + 1 - b**3 - 3. What is d(g)?
-9
Let v(n) = -n - 7. Let x(y) = -2*y + 13. Let c be x(6). Let u be -2 - 16/(5 - c). What is v(u)?
-1
Let p(f) = 2*f + 7. Suppose -4*s = 5*q - 2*q + 105, -q + 1 = 0. Let w = 9 + s. Let j = w + 12. Give p(j).
-5
Let k(p) = 2*p + 8. Suppose 3*l = 179 - 161. Suppose -a + 5 = -0*g + 5*g, 0 = -4*g + 5*a - 25. Let u = g - l. Calculate k(u).
-4
Let x(m) = m**2 - 6*m + 3. Let n be (-21)/6*20/(-14). Suppose 3*j + n*b - 6 = 0, j + 0*b - 3*b = 2. What is x(j)?
-5
Let a be 6/(-2) + (-1)/((-1)/6). Let x be (-2)/(a/27*-3). Let g(y) = y**3 - 5*y**2 - 6*y + 8. Give g(x).
8
Let x(q) be the second derivative of -q**3/3 - 16*q**2 + 2*q + 28. What is x(-15)?
-2
Let u(o) be the first derivative of -o**3/3 - 2*o**2 - 5*o + 366. Let c be (-2 - -5)*8/(-6). Calculate u(c).
-5
Let p(v) be the third derivative of -v**5/20 + v**4/4 - v**3/2 - 261*v**2. Calculate p(4).
-27
Let b(z) = 25 - 54 + 0*z + 29 - z. Give b(-4).
4
Let c(l) = -l**2 - 9*l - 22. Let g be c(-7). Let b(v) = -2*v + 8. Determine b(g).
24
Let y = 30 - 32. Let m(s) = s**3 + 2*s**2 + 8*s. Let r(i) = i**3 + 2*i**2 + 7*i. Let j(k) = 5*m(k) - 6*r(k). Calculate j(y).
4
Let t(q) = q**3 - 6*q**2 - q + 11. Let p be t(6). Let n(s) = -4*s**2 - 4 + 1 + 936*s**3 - p*s - 937*s**3. Calculate n(-3).
3
Let v(n) = n**2 - n + 1. Let s be v(0). Let j(y) be the third derivative of y**6/40 - y**3/6 - 157*y**2. Give j(s).
2
Let w(r) = r**3 + 4*r**2 - 4*r + 1. Let x = 25 - 15. Let u = x - 12. Let t be (u/(-6))/(11/(-165)). Calculate w(t).
-4
Let r(n) be the third derivative of -6*n**2 + 1/8*n**4 - 2/3*n**3 + 1/60*n**5 + 0 + 0*n. Determine r(-4).
0
Let a = 1371 + -1377. Let o(k) be the second derivative of -k**3/6 + 2*k**2 + 2*k. Determine o(a).
10
Let g(o) be the first derivative of o**2/2 + 2*o - 16. Determine g(2).
4
Let i be (-2)/9 - 87*5/(-135). Let l(s) = -s - 1. Let w(q) = q**2 - 8*q - 5. Let b(r) = -6*l(r) + w(r). Give b(i).
4
Let q(t) = -25*t - 2. Let x(j) = 7*j + 1. Let u(y) = -2*q(y) - 7*x(y). Determine u(-6).
-9
Let n = -228 + 225. Let w(u) = -u**2 - 2*u + 1. Give w(n).
-2
Suppose 0 = 2*d - 2 - 0. Let b(r) = -11*r**2 - 4. Let f(l) = 10*l**2 + 3. Let a be (2/(-4))/((-4)/(-24)). Let k(y) = a*b(y) - 4*f(y). Give k(d).
-7
Let g(m) = -3*m**3 - m. Let d = -162 + 163. Give g(d).
-4
Let z(w) = w + 32. Let p(v) = 5*v + 135. Let c(t) = 2*p(t) - 9*z(t). What is c(13)?
-5
Let f(j) = 5*j + j**2 - 5*j - 3*j - 1. Suppose 5*c - 16 = 5*g - 3*g, 0 = -4*c - 4*g + 24. Calculate f(c).
3
Let o(m) = -2*m - 5. Let n = -100 + 115. Suppose n*k = 17*k + 12. Give o(k).
7
Let j(r) = -6 - 5 + 4*r**2 - 5*r**2 + 7*r. Calculate j(10).
-41
Let f(r) = r**3 + 9*r**2 + 8*r + 3. Let a be 6/(-9*(-5)/120). Suppose 4*n - a + 48 = 0. Calculate f(n).
3
Let b(r) be the second derivative of -r**3/6 - 2*r**2 + 3816*r. Suppose 15 = -4*v - 13. Let o = v + 0. Determine b(o).
3
Let r(c) = -c**2 + 5*c - 5. Let s be r(5). Let o(x) = -7*x**2 + 3*x + 15. Let t(b) = 3*b**2 - 2*b - 7. Let z(i) = -4*o(i) - 9*t(i). Give z(s).
-2
Let u(s) be the third derivative of -15*s**2 - 1/120*s**6 + s**3 + 7/60*s**5 + 0 + 0*s - 5/12*s**4. What is u(6)?
-18
Suppose -i = -51 + 3. Let h = 44 - i. Let o(x) = x**3 + 4*x**2 + x - 1. Calculate o(h).
-5
Suppose -4 = 3*w - 5*w. Let u(l) = 2*l**2 + 2*l - 3. Let h(r) = -4*r